
283
What is the remainder when 556 is divided by 5?
1
Calculate the remainder when 847714 is divided by 282567.
13
What is the remainder when 825 is divided by 246?
87
Calculate the remainder when 21274 is divided by 10436.
402
Calculate the remainder when 681077 is divided by 34.
23
What is the remainder when 22072 is divided by 4413?
7
Calculate the remainder when 5671798 is divided by 274.
272
Calculate the remainder when 44658 is divided by 54.
0
What is the remainder when 808104 is divided by 269364?
12
What is the remainder when 506268 is divided by 16?
12
What is the remainder when 5713 is divided by 9?
7
Calculate the remainder when 555823 is divided by 151.
143
Calculate the remainder when 277 is divided by 84.
25
What is the remainder when 415 is divided by 22?
19
Calculate the remainder when 101491 is divided by 159.
49
What is the remainder when 312 is divided by 102?
6
Calculate the remainder when 788912 is divided by 7.
5
Calculate the remainder when 4328 is divided by 867.
860
What is the remainder when 519657 is divided by 2903?
20
What is the remainder when 3103 is divided by 114?
25
Calculate the remainder when 1743853 is divided by 1698.
7
What is the remainder when 12805 is divided by 70?
65
Calculate the remainder when 250159 is divided by 265.
264
What is the remainder when 31499 is divided by 289?
287
What is the remainder when 3810 is divided by 51?
36
Calculate the remainder when 55604 is divided by 11.
10
What is the remainder when 8221 is divided by 813?
91
Calculate the remainder when 2353 is divided by 121.
54
Calculate the remainder when 5340 is divided by 782.
648
Calculate the remainder when 5049 is divided by 203.
177
Calculate the remainder when 13978 is divided by 179.
16
Calculate the remainder when 45302 is divided by 3764.
134
What is the remainder when 232285 is divided by 129?
85
Calculate the remainder when 11676 is divided by 2303.
161
Calculate the remainder when 91586 is divided by 22892.
18
What is the remainder when 888 is divided by 277?
57
What is the remainder when 1202 is divided by 654?
548
What is the remainder when 1497 is divided by 784?
713
Calculate the remainder when 490 is divided by 74.
46
Calculate the remainder when 1982599 is divided by 129.
127
Calculate the remainder when 479 is divided by 426.
53
What is the remainder when 7099 is divided by 11?
4
What is the remainder when 1032406 is divided by 199?
193
What is the remainder when 5467 is divided by 144?
139
Calculate the remainder when 165742 is divided by 44.
38
Calculate the remainder when 77151 is divided by 14.
11
What is the remainder when 4291 is divided by 1332?
295
What is the remainder when 84 is divided by 53?
31
Calculate the remainder when 3655008 is divided by 57.
54
What is the remainder when 801018 is divided by 242?
240
Calculate the remainder when 304497 is divided by 59.
57
Calculate the remainder when 485091 is divided by 242538.
15
Calculate the remainder when 18373 is divided by 6117.
22
What is the remainder when 2037510 is divided by 953?
949
Calculate the remainder when 7276 is divided by 2418.
22
Calculate the remainder when 8951 is divided by 8814.
137
What is the remainder when 37559 is divided by 19?
15
What is the remainder when 231 is divided by 51?
27
Calculate the remainder when 34982 is divided by 72.
62
What is the remainder when 15468 is divided by 119?
117
What is the remainder when 910 is divided by 185?
170
Calculate the remainder when 13628 is divided by 92.
12
Calculate the remainder when 1022 is divided by 789.
233
Calculate the remainder when 7334 is divided by 123.
77
What is the remainder when 35172 is divided by 2?
0
What is the remainder when 4251 is divided by 93?
66
What is the remainder when 20485 is divided by 2276?
1
What is the remainder when 42754 is divided by 562?
42
What is the remainder when 26837 is divided by 1578?
11
Calculate the remainder when 2745 is divided by 6.
3
What is the remainder when 659 is divided by 72?
11
What is the remainder when 11697 is divided by 303?
183
Calculate the remainder when 21778 is divided by 7259.
1
What is the remainder when 269894 is divided by 1323?
2
Calculate the remainder when 10683 is divided by 336.
267
Calculate the remainder when 646815 is divided by 8.
7
Calculate the remainder when 83955 is divided by 5996.
11
Calculate the remainder when 18380 is divided by 4543.
208
What is the remainder when 20097 is divided by 115?
87
What is the remainder when 5469 is divided by 137?
126
Calculate the remainder when 9188 is divided by 164.
4
What is the remainder when 1417 is divided by 471?
4
What is the remainder when 3092 is divided by 12?
8
What is the remainder when 7103 is divided by 6?
5
Calculate the remainder when 698244 is divided by 624.
612
Calculate the remainder when 1307 is divided by 466.
375
Calculate the remainder when 3165606 is divided by 37.
34
Calculate the remainder when 1035935 is divided by 10.
5
Calculate the remainder when 6834 is divided by 2245.
99
What is the remainder when 970 is divided by 485?
0
What is the remainder when 111508 is divided by 63?
61
Calculate the remainder when 26418 is divided by 2401.
7
What is the remainder when 1946 is divided by 302?
134
Calculate the remainder when 27908 is divided by 27871.
37
Calculate the remainder when 15677 is divided by 28.
25
What is the remainder when 1254 is divided by 1005?
249
What is the remainder when 61004 is divided by 1328?
1244
What is the remainder when 27662 is divided by 58?
54
Calculate the remainder when 505 is divided by 122.
17
What is the remainder when 3374 is divided by 259?
7
What is the remainder when 4468 is divided by 1480?
28
What is the remainder when 11684 is divided by 1057?
57
What is the remainder when 504018 is divided by 5600?
18
What is the remainder when 2726639 is divided by 48?
47
Calculate the remainder when 83145 is divided by 156.
153
What is the remainder when 811812 is divided by 142?
140
What is the remainder when 3130 is divided by 36?
34
What is the remainder when 1392 is divided by 344?
16
What is the remainder when 8294 is divided by 1210?
1034
Calculate the remainder when 1029 is divided by 356.
317
Calculate the remainder when 1466 is divided by 192.
122
Calculate the remainder when 65332 is divided by 8.
4
What is the remainder when 2553 is divided by 128?
121
Calculate the remainder when 35270 is divided by 98.
88
What is the remainder when 2992 is divided by 868?
388
Calculate the remainder when 51297 is divided by 45.
42
What is the remainder when 1743 is divided by 63?
42
What is the remainder when 2009 is divided by 1910?
99
What is the remainder when 4937 is divided by 24?
17
Calculate the remainder when 4032 is divided by 240.
192
What is the remainder when 11107 is divided by 571?
258
Calculate the remainder when 68665 is divided by 4.
1
Calculate the remainder when 35318 is divided by 17658.
2
What is the remainder when 4888 is divided by 1209?
52
Calculate the remainder when 39329 is divided by 6514.
245
What is the remainder when 40237 is divided by 6701?
31
What is the remainder when 686 is divided by 77?
70
What is the remainder when 6786547 is divided by 21?
19
What is the remainder when 15463 is divided by 109?
94
What is the remainder when 28358 is divided by 978?
974
What is the remainder when 84497 is divided by 16?
1
What is the remainder when 530117 is divided by 401?
396
Calculate the remainder when 1339 is divided by 40.
19
What is the remainder when 1421 is divided by 1092?
329
Calculate the remainder when 2260 is divided by 106.
34
What is the remainder when 198086 is divided by 99034?
18
What is the remainder when 13195 is divided by 825?
820
What is the remainder when 43518 is divided by 141?
90
What is the remainder when 425287 is divided by 106319?
11
Calculate the remainder when 12336 is divided by 33.
27
Calculate the remainder when 16681 is divided by 574.
35
What is the remainder when 12053 is divided by 614?
387
What is the remainder when 7185 is divided by 7058?
127
What is the remainder when 21944 is divided by 10950?
44
What is the remainder when 189707 is divided by 15808?
11
Calculate the remainder when 25574 is divided by 123.
113
Calculate the remainder when 550641 i